18)?
0
Let h(a) = a**3 + 8*a**2 + 8*a - 3. Calculate h(-7).
-10
Let h(u) = -u**2 + 7*u + 25. Determine h(8).
17
Let f(m) = -m**2 + 73*m + 389. Determine f(-5).
-1
Let b(j) = j**2 - 5*j - 18. Give b(8).
6
Let d(b) = 8*b + 104. What is d(-12)?
8
Let u(g) = -2*g**2 + g - 12. Determine u(3).
-27
Let l(u) = -2*u**2 + 3*u + 2. Give l(-2).
-12
Let x(i) = -i**3 - 18*i**2 - 18*i - 25. Determine x(-17).
-8
Let y(t) = -t**2 - 14*t + 4. What is y(-13)?
17
Let h(a) = a**2 + 13*a + 31. Determine h(-10).
1
Let t(c) = c**2 + 22*c + 5. Calculate t(-21).
-16
Let q(w) = w**2 + 3*w - 42. Determine q(-7).
-14
Let c(q) = 36*q + 7. Give c(1).
43
Let h(g) = g**3 + 5*g**2 - 11. What is h(-4)?
5
Let p(v) = v + 10. Calculate p(-10).
0
Let p(h) = -3*h + 104. Determine p(12).
68
Let h(c) = -13*c**3 + 1. Calculate h(-1).
14
Let b(o) = o**3 + 6*o**2 + 6*o - 6. What is b(-3)?
3
Let i(u) = u**3 - 6*u**2 - 7*u - 6. Calculate i(7).
-6
Let z(k) = -k**3 - 6*k**2 + 12*k + 32. Calculate z(-7).
-3
Let v(f) = -15*f - 49. Calculate v(-11).
116
Let s(h) = -h**2 - 28*h + 70. Calculate s(-30).
10
Let w(f) = f**2 + 9*f + 10. Determine w(-8).
2
Let z(c) = -c + 9. Determine z(19).
-10
Let u(r) = r**2 + 11*r + 1. Determine u(-9).
-17
Let n(p) = 21*p**2 - 3*p + 4. Calculate n(1).
22
Let a(h) = -7*h + 76. Calculate a(7).
27
Let q(z) = -3*z + 28. Give q(11).
-5
Let x(b) = -48*b + 32. Give x(5).
-208
Let j(h) = -4*h**2 + 27*h + 50. Determine j(8).
10
Let q(g) = -3*g**2 + 4*g - 7. Give q(3).
-22
Let f(h) = h**3 - h**2 + 4. Calculate f(0).
4
Let r(n) = n**3 + 22*n**2 + 80*n - 84. Calculate r(-17).
1
Let x(q) = 2*q - 2. Give x(9).
16
Let u(g) = -g**3 + 6*g**2 - 3*g - 21. Give u(4).
-1
Let g(p) = p - 8. Calculate g(13).
5
Let x(a) = -a**3 - 24*a**2 - 42*a + 52. Give x(-22).
8
Let h(z) = -z**2 - 8*z - 3. What is h(-7)?
4
Let w(r) = -r**2 + 6*r + 20. What is w(8)?
4
Let g(t) = -3*t**2 - t + 9. Give g(4).
-43
Let g(p) = -2*p - 16. Give g(-6).
-4
Let y(p) = p**2 + 12*p - 10. What is y(-13)?
3
Let i(s) = 5*s - 10. What is i(4)?
10
Let l(f) = -8*f**3 + 5*f - 1. Give l(-2).
53
Let n(k) = k**3 - 2*k**2 - 46*k - 13. Calculate n(-6).
-25
Let o(u) = u**3 - 10*u**2 - 11*u - 14. What is o(11)?
-14
Let p(s) = 4*s + 60. Determine p(-14).
4
Let r(h) = 9*h + 51. Calculate r(-5).
6
Let w(v) = -7*v - 1. Calculate w(-1).
6
Let j(u) = -3*u**2 + 3*u - 2. Give j(1).
-2
Let z(r) = 8*r - 2. Calculate z(2).
14
Let r(v) = -5*v - 13. Give r(-4).
7
Let c(f) = -2*f - 18. Determine c(2).
-22
Let z(y) = 52*y + 580. Give z(-11).
8
Let x(b) = b**3 + 13*b**2 + 10*b + 28. Give x(-12).
52
Let i(z) = -19*z - 23. Give i(2).
-61
Let s(r) = -r**2 - 18*r - 3. Calculate s(-18).
-3
Let s(g) = g**3 + 5*g**2 + 3*g - 4. What is s(-4)?
0
Let n(i) = -2*i + 3. What is n(6)?
-9
Let h(n) = -n**3 + 13*n**2 - 16*n + 5. What is h(11)?
71
Let v(h) = -11*h - 35. Determine v(-6).
31
Let v(a) = 32*a**2 - a. Determine v(1).
31
Let i(f) = f**3 + f**2 + 7. Determine i(0).
7
Let k(o) = -o**2 - 4*o + 2. What is k(-4)?
2
Let f(i) = -6*i - 43. Determine f(-11).
23
Let u(v) = 16*v + 336. Give u(-21).
0
Let w(h) = 4*h - 5. Give w(5).
15
Let h(z) = -z**2 + 13*z - 20. Determine h(6).
22
Let b(k) = k**2 + 8*k + 15. Give b(-9).
24
Let s(i) = 2*i**3 - 6*i**2 + 5*i + 1. What is s(3)?
16
Let l(m) = -13*m**2 - 3*m + 2. Calculate l(-1).
-8
Let u(w) = 2*w**3 - 2*w**2 - 3*w + 6. Give u(2).
8
Let x(k) = -k**2 + 2*k - 8. Give x(-2).
-16
Let o(j) = -j**2 + 5*j + 2. Determine o(7).
-12
Let a(j) = 8*j - 4. What is a(1)?
4
Let g(v) = v**3 - 12*v**2 + 18*v - 214. Give g(12).
2
Let u(x) = -x**3 + 10*x**2 + 10*x + 7. Determine u(11).
-4
Let y(m) = m**2 + 52. Determine y(0).
52
Let z(y) = 3*y**3 + 10*y**2 + 6*y + 18. Determine z(-4).
-38
Let b(g) = -2*g**3 - 12*g**2 - 20*g - 42. Give b(-5).
8
Let n(j) = -27*j + 2. Give n(-2).
56
Let w(i) = -15*i - 2. What is w(-2)?
28
Let o(i) = i**3 - i**2 - i - 26. Calculate o(0).
-26
Let o(n) = 4*n**2 + 24*n + 33. Determine o(-2).
1
Let u(n) = -n + 1. Give u(-5).
6
Let t(b) = b**2 + 3*b - 3. Determine t(3).
15
Let o(c) = c**3 - 4*c**2 - 2*c + 3. Determine o(4).
-5
Let a(h) = 28*h**2. Calculate a(-1).
28
Let o(n) = -n**2 - 10*n - 7. Calculate o(-9).
2
Let y(i) = 4*i**3 + i**2 - 5*i - 9. Give y(-3).
-93
Let d(z) = z**3 - 20*z**2 - 22*z + 5. What is d(21)?
-16
Let o(y) = 7*y**2 + 17*y - 15. What is o(1)?
9
Let r(m) = -m + 9. Determine r(9).
0
Let r(i) = -i**2 - 12*i - 18. What is r(-3)?
9
Let u(g) = g**3 + 10*g**2 + 8*g - 11. What is u(-9)?
-2
Let d(o) = o**2 - 3*o - 8. What is d(-2)?
2
Let l(g) = g**3 - 6*g**2 - 3*g - 21. Give l(7).
7
Let h(r) = -2*r**2 - 17*r + 319. What is h(9)?
4
Let y(r) = r**2 - 3*r - 7. Determine y(5).
3
Let g(x) = x**3 - 7*x**2 + x + 9. What is g(6)?
-21
Let s(k) = -19*k**3 + k**2 + k. Give s(-1).
19
Let r(p) = -p**3 + 7*p**2 - p + 2. Give r(7).
-5
Let c(h) = -h**3 + 7*h**2 + 6*h - 9. Determine c(7).
33
Let p(i) = -i + 1. Give p(9).
-8
Let q(j) = j**2 + 4*j + 4. Calculate q(0).
4
Let i(s) = -4*s**2 - 10*s + 36. Calculate i(-5).
-14
Let g(u) = u**3 + 4*u**2 + 3*u + 1. Give g(-3).
1
Let j(x) = 5*x**2 + 21*x + 15. Calculate j(-4).
11
Let s(o) = -3*o**2 - 147*o + 473. Determine s(-52).
5
Let u(r) = -r + 3. What is u(-6)?
9
Let x(b) = 2*b - 10. Calculate x(-9).
-28
Let t(m) = -m**2 - m + 5. Calculate t(-6).
-25
Let s(t) = 2*t**2 + 12*t + 25. Determine s(-8).
57
Let t(h) = 2*h**3 - h**2 + 19*h - 35. Calculate t(2).
15
Let b(q) = -3*q + 29. Calculate b(16).
-19
Let y(r) = -r**2 - 7*r + 8. Determine y(-7).
8
Let o(j) = j**3 - 5*j**2 - j + 3. Give o(5).
-2
Let q(y) = -4*y - 12. What is q(-4)?
4
Let a(h) = 166*h + 165. Give a(-1).
-1
Let d(c) = -c**3 + 5*c**2 + 5*c + 11. Calculate d(6).
5
Let b(g) = 15*g - 132. Calculate b(6).
-42
Let s(k) = -k - 10. What is s(-7)?
-3
Let b(p) = p**3 + 8*p**2 + 8*p - 4. Calculate b(-7).
-11
Let o(z) = 2*z**3 - 2*z**2 + z - 6. Determine o(0).
-6
Let r(b) = -3*b**2 - 34*b + 17. Calculate r(-12).
-7
Let y(h) = 9*h + 4. Determine y(-7).
-59
Let z(i) = i**3 + 4*i**2 - 14*i - 21. What is z(-6)?
-9
Let b(l) = 210*l + 10. Calculate b(1).
220
Let s(w) = w**3 + 3*w**2 - 10*w - 22. Calculate s(-4).
2
Let q(y) = 17*y + 108. What is q(-7)?
-11
Let f(q) = -q + 6. Calculate f(6).
0
Let r(p) = p**2 - 19*p + 51. What is r(16)?
3
Let j(s) = s + 4. What is j(12)?
16
Let v(o) = o**3 - 20*o**2 + o - 22. What is v(20)?
-2
Let w(n) = -n**3 - 12*n**2 + 9*n - 1. Calculate w(-13).
51
Let a(n) = -n**3 + 5*n**2 + 9*n - 16. Determine a(6).
2
Let q(a) = -3*a - 32. Determine q(-15).
13
Let i(m) = 20*m - 214. Calculate i(11).
6
Let p(f) = -f**2 - f + 45. Give p(-7).
3
Let m(d) = -d**2 + 8*d + 192. Calculate m(-11).
-17
Let x(p) = -p**3 - 8*p**2 + 6*p - 9. Determine x(-9).
18
Let m(n) = 4*n - 2. What is m(-3)?
-14
Let m(q) = -q**2 + 2*q + 1. Determine m(2).
1
Let f(p) = 3*p - 14. Calculate f(3).
-5
Let l(c) = -c**3 + 16*c**2 + 18*c - 32. What is l(17)?
-15
Let v(t) = -t**2 + 12*t - 23. Calculate v(9).
4
Let f(u) = u**3 + 8*u**2 + 11*u + 14. Determine f(-7).
-14
Let k(r) = 6*r + 4. Determine k(-5).
-26
Let s(v) = -3*v**2 + v - 3. Determine s(-2).
-17
Let s(l) = 3*l + 2. Calculate s(-1).
-1
Let h(x) = x**3 + 21*x**2 + 4*x + 70. What is h(-21)?
-14
Let i(v) = -v**3 + 11*v**2 + 24*v + 27. What is i(13)?
1
Let l(a) = 2*a**2 + 10*a + 16. Determine l(-6).
28
Let w(y) = 17*y + 13. Calculate w(-6).
-89
Let f(x) = -x**3 - 6*x**2 - 8*x - 9. Give f(-5).
6
Let h(i) = 5*i**3 - i**2 - 2*i. Calculate h(-3).
-138
Let i(z) = -z**2 - 13*z + 52. Calculate i(-16).
4
Let g(k) = k**2 + 3*k + 6. Calculate g(-3).
6
Let u(x) = x**3 - 8*x**2 - 3*x. Determine u(9).
54
Let s(n) = 4*n**3 + 108*n**2 - n - 14. Determine s(-27).
13
Let d(z) = z**3 + 22*z**2 + 24*z + 5. Determine d(-21).
-58
Let o(q) = 3*q - 20. Give o(-4).
-32
Let c(s) = -3*s - 29. Give c(-5).
-14
Let j(a) = a - 16. Calculate j(13).
-3
Let r(v) = 2*v - 1. Determine r(-11).
-23
Let t(z) = z**2 + 30*z + 35. Determine t(-29).
6
Let k(h) = -h + 9. Determine k(11).
-2
Let w(c) = 21*c**2 - 8*c + 12. Give w(2).
80
Let v(z) = -z**2 + 9*z + 14. What is v(10)?
4
Let f(c) = -c**3 - 34*c**2 - 67*c - 90. Give f(-32).
6
Let t(i) = -i + 6. Determine t(12).
-6
Let c(d) = -d**3 + 12*d**2 - 9*d - 25. Give c(11).
-3
Let a(m) = m**2 - 5*m + 1. Determine a(1).
-3
Let c(z) = -z**3 - 4*z**2 + 7*z. Give c(-5).
-10
Let g(h